. Calculate i(-23).
52
Let n(f) = f**3 - 9*f**2 + 8*f - 10. Determine n(8).
-10
Let r(c) = -2*c - 17. Give r(-12).
7
Let w(j) = -69*j - 299. Calculate w(-4).
-23
Let m(k) = -k + 1. Give m(-2).
3
Let c(h) = 14*h + 51. What is c(-4)?
-5
Let u(i) = 12*i + 50. Give u(-6).
-22
Let v(w) = 10*w - 4. What is v(6)?
56
Let z(a) = -a**2 - 9*a + 18. Calculate z(-11).
-4
Let q(j) = j**2 + 20*j - 126. What is q(5)?
-1
Let x(o) = -o**2 + 13*o - 15. Calculate x(11).
7
Let o(n) = 2*n**2 - 4*n + 4. Calculate o(4).
20
Let o(u) = -u**2 + 2*u + 21. Determine o(6).
-3
Let u(l) = -l**3 + 4*l**2 - 7*l + 5. Calculate u(1).
1
Let d(s) = -s. Give d(3).
-3
Let m(b) = -b**3 - 7*b**2 + 6*b - 25. Give m(-8).
-9
Let s(b) = -b**2 + 8*b + 3. Give s(3).
18
Let m(a) = a**3 - 2*a**2 + 3*a - 2. Determine m(-2).
-24
Let x(q) = -q**3 - 11*q**2 - 3*q - 6. Determine x(-11).
27
Let s(h) = -h**3 + 8*h**2 - 7*h - 2. What is s(7)?
-2
Let t(j) = 84*j**2 + 4*j + 2. Calculate t(-1).
82
Let p(r) = -31*r + 18. Calculate p(1).
-13
Let a(s) = -36*s**2 - 2*s - 1. Give a(-1).
-35
Let f(x) = 6*x**3 + 3*x**2 - 6*x + 3. Give f(1).
6
Let j(v) = -v**2 + 60. What is j(0)?
60
Let b(w) = w**3 - 6*w**2 + 5*w + 2. Determine b(5).
2
Let f(l) = -l + 5. Determine f(4).
1
Let b(v) = -4*v - 44. What is b(-9)?
-8
Let p(l) = -l**3 - 9*l**2 + 5*l + 12. Calculate p(-8).
-92
Let h(j) = -j**3 - 21*j**2 + 44*j - 54. Determine h(-23).
-8
Let m(a) = -a**3 + 8*a**2 - 11*a + 17. Calculate m(7).
-11
Let r(a) = -a**3 - 3*a**2 - 3. Give r(-3).
-3
Let p(o) = 13*o**3 - o + 3. What is p(-2)?
-99
Let t(a) = -6*a - 7. Give t(2).
-19
Let n(o) = -o**3 - o**2 - o - 1. Calculate n(2).
-15
Let s(z) = -7*z - 33. Give s(-14).
65
Let d(u) = -u**2 - 11*u + 26. Calculate d(-11).
26
Let m(h) = -h**2 + 4*h + 2. Give m(4).
2
Let n(v) = 3*v + 50. Calculate n(-15).
5
Let r(l) = -l**3 - 7*l**2 - 2*l + 8. Calculate r(-7).
22
Let i(t) = -2*t**3 + 27*t**2 + 15*t - 17. Calculate i(14).
-3
Let b(i) = i**3 - 3*i**2 - 5*i - 1. What is b(4)?
-5
Let z(h) = h**3 - 9*h**2 - 3*h + 12. Give z(9).
-15
Let k(f) = 2*f**2 + f - 4. Give k(-2).
2
Let l(o) = 38*o - 107. Give l(3).
7
Let p(c) = -18*c + 17. Calculate p(5).
-73
Let r(p) = -p**3 + 26*p**2 - 35*p + 903. Calculate r(26).
-7
Let f(m) = -m**3 - 10*m**2 + 2*m + 13. What is f(-10)?
-7
Let o(p) = 4*p + 126. What is o(-31)?
2
Let o(m) = -m**2 - 9*m + 7. What is o(-7)?
21
Let u(g) = -2*g**2 + 2. What is u(-2)?
-6
Let w(j) = j**2 - 10*j + 19. Give w(5).
-6
Let z(x) = x**2 - 4. What is z(0)?
-4
Let q(k) = k**3 - 9*k**2 + 8*k + 5. Calculate q(8).
5
Let o(p) = 2*p**2 - 31*p + 45. Calculate o(14).
3
Let q(r) = 2*r**2 + 6*r + 3. Calculate q(-4).
11
Let g(a) = a**3 - 10*a**2 + 2*a + 3. Determine g(10).
23
Let n(t) = 2*t + 29. What is n(-9)?
11
Let h(j) = j**3 + 9*j**2 + 5*j - 18. Calculate h(-8).
6
Let q(n) = 2*n**2 - 17*n + 39. Give q(5).
4
Let z(x) = 2*x**2 + 9*x + 7. Determine z(-3).
-2
Let x(v) = v**2 - 27*v + 143. Calculate x(8).
-9
Let v(z) = z**3 + 5*z**2 - 2*z - 14. Calculate v(-5).
-4
Let m(k) = k - 2. Determine m(-20).
-22
Let i(p) = -p + 10. Calculate i(17).
-7
Let i(s) = 2*s**2 - 43*s + 56. Determine i(20).
-4
Let t(f) = 8*f + 7. Give t(0).
7
Let h(f) = 30*f**2 - 5*f - 1. Give h(-2).
129
Let v(s) = -s**3 - 2*s**2 + s - 3. Calculate v(0).
-3
Let q(a) = a**2 + 51*a + 615. Give q(-32).
7
Let l(h) = -h**3 + 5*h**2 - h - 3. Determine l(5).
-8
Let z(h) = -h**3 + 7*h**2 + 17*h + 10. Calculate z(9).
1
Let a(q) = -q**2 - 3*q + 6. Determine a(-5).
-4
Let k(a) = 5*a**3 + 28*a**2 - 18*a - 37. Determine k(-6).
-1
Let c(b) = -8*b + 156. Calculate c(20).
-4
Let n(k) = -k - 20. Give n(-26).
6
Let l(h) = 7*h + 24. Calculate l(-5).
-11
Let t(u) = u**3 - 3*u**2 + 2*u - 3. What is t(0)?
-3
Let s(f) = 2*f**3 - f**2 - 2*f + 6. Give s(0).
6
Let s(q) = q**3 - 22*q**2 - 22*q - 39. Calculate s(23).
-16
Let t(v) = 3*v**3 + 2*v**2 - 6*v + 6. Determine t(2).
26
Let h(l) = l**2 - 16*l + 16. Give h(15).
1
Let l(p) = -p**3 - 6*p**2 - 6*p - 3. Determine l(-4).
-11
Let w(a) = -a**2 - 10*a - 4. What is w(-5)?
21
Let s(y) = 14*y**2 + 2*y + 1. Give s(-1).
13
Let b(g) = g - 42. Give b(26).
-16
Let f(k) = -7*k**2 + 74*k + 25. Determine f(11).
-8
Let s(o) = -4*o - 23. Determine s(-9).
13
Let t(v) = -v**2 - 16*v - 16. What is t(-15)?
-1
Let w(b) = -b**3 + 7*b**2 - 1. Calculate w(6).
35
Let l(v) = v**3 - 9*v**2 + 17*v - 13. Determine l(6).
-19
Let z(d) = d**3 - 8*d**2 + 6*d + 7. Determine z(7).
0
Let v(g) = 53*g + 5. What is v(0)?
5
Let f(q) = -5*q**2 - q - 2. Determine f(-2).
-20
Let j(q) = q**3 - q**2 - 3*q + 40. Determine j(0).
40
Let r(q) = 6*q - 19. Give r(3).
-1
Let h(z) = -z**2 + 4*z + 6. Give h(-4).
-26
Let a(d) = -d**3 - 5*d**2 - d + 14. Give a(-4).
2
Let d(h) = h + 4. Give d(-12).
-8
Let u(a) = 108*a - 757. What is u(7)?
-1
Let z(i) = -i**2 - 7*i + 14. What is z(9)?
-130
Let o(f) = f**3 - 14*f**2 + 16*f - 7. What is o(13)?
32
Let h(b) = -b**3 + 2*b**2 + b + 2. Give h(2).
4
Let c(m) = -m**2 + 30*m + 118. Determine c(34).
-18
Let t(a) = a**3 - 31*a**2 + 59*a - 36. Calculate t(29).
-7
Let r(t) = 3*t**2 + 2*t. Give r(-2).
8
Let b(h) = -8*h - 9. Calculate b(4).
-41
Let q(x) = -x**3 + 8*x**2 - 11*x + 18. Determine q(7).
-10
Let q(o) = -2*o - 7. Calculate q(4).
-15
Let p(r) = -16*r + 871. What is p(53)?
23
Let u(g) = -3*g - 44. Give u(-5).
-29
Let t(j) = -j - 5. What is t(0)?
-5
Let f(r) = -r**2 - 6*r - 1. Give f(-8).
-17
Let q(h) = h**3 + 2*h**2 - 5*h - 6. What is q(-3)?
0
Let f(y) = 3*y**2 + 16*y + 8. Give f(-3).
-13
Let k(a) = -21*a + 60. Give k(5).
-45
Let b(w) = 9*w + 113. Give b(-12).
5
Let d(w) = 5*w**2 + 62*w + 63. Determine d(-1).
6
Let l(o) = o**2 + 2*o - 1. Calculate l(-5).
14
Let u(k) = 3*k**2 + 37*k + 109. What is u(-6)?
-5
Let i(a) = 3*a**2 + 35*a - 18. Calculate i(-12).
-6
Let w(q) = 3*q**3 - 22*q**2 + 5*q + 7. Give w(7).
-7
Let d(m) = -m**2 - 15*m - 17. Give d(-20).
-117
Let j(k) = k + 37. Give j(-25).
12
Let f(d) = d**3 - 6*d**2 + d - 6. Calculate f(6).
0
Let o(s) = 2*s**2 + 116*s + 428. Give o(-4).
-4
Let u(a) = -a**3 + 12*a**2 - 21*a + 4. Calculate u(10).
-6
Let y(i) = -7*i - 52. Calculate y(-8).
4
Let c(w) = w**2 - 20*w - 26. Determine c(21).
-5
Let n(u) = u**2 + 28*u - 384. What is n(10)?
-4
Let k(d) = d**2 - 3*d + 7. Calculate k(3).
7
Let n(u) = -10*u + 5. Calculate n(6).
-55
Let y(r) = 28*r + 135. Determine y(-5).
-5
Let a(q) = -q**2 + 9*q + 106. What is a(16)?
-6
Let g(y) = -22*y**2 - 2. What is g(-1)?
-24
Let o(i) = -i**3 - 6*i**2 - 8. Give o(-6).
-8
Let w(p) = -p + 1. Calculate w(-6).
7
Let z(i) = 2*i + 22. Determine z(-11).
0
Let j(w) = w - 5. What is j(3)?
-2
Let p(f) = 2*f**3 + 33*f**2 - 16*f + 22. Calculate p(-17).
5
Let y(k) = 9*k + 47. Determine y(-16).
-97
Let t(n) = n**2 - 16*n + 15. What is t(13)?
-24
Let q(x) = x**3 + 9*x**2 + 10*x - 10. What is q(-5)?
40
Let q(u) = -u**2 - 6*u - 6. Determine q(-4).
2
Let a(n) = 2*n**2 - n + 2. Calculate a(4).
30
Let d(a) = -187*a - 567. Determine d(-3).
-6
Let r(l) = -l**3 - 2*l**2 + l - 3. Determine r(0).
-3
Let w(s) = -4*s + 2. Calculate w(-4).
18
Let f(v) = 2*v**2 - 12*v - 5. Calculate f(9).
49
Let l(x) = -124*x - 16. Give l(-1).
108
Let o(q) = q**2 + 8*q + 3. Calculate o(-7).
-4
Let b(m) = 4*m**3 + m**2 - 2*m. Calculate b(-2).
-24
Let m(v) = 3*v**2 + 11*v - 2. Calculate m(-3).
-8
Let j(x) = 13*x + 150. Give j(-12).
-6
Let h(x) = 85*x - 83. Determine h(1).
2
Let n(q) = q**2 + 2*q + 3. Give n(-2).
3
Let p(d) = -2*d - 68. Give p(-31).
-6
Let n(a) = -a**2 - 20*a - 18. Calculate n(-1).
1
Let d(s) = -s**3 - 12*s**2 + 3*s - 130. What is d(-13)?
0
Let u(r) = r**2 + 27*r - 71. Determine u(-29).
-13
Let o(k) = -81*k + 1. What is o(1)?
-80
Let s(c) = -c**3 - c**2 + 4*c - 2. Give s(-3).
4
Let q(h) = -11*h - 17. Calculate q(3).
-50
Let p(w) = -w**2 + 5. Determine p(4).
-11
Let h(a) = -8*a + 28. Calculate h(3).
4
Let c(a) = -a**2 - 10*a + 36. Give c(-13).
-3
Let k(a) = -a**3 + 7*a**2 - 3*a + 16. Give k(7).
-5
Let w(g) = -g**2 + 6*g. Give w(7).
-7
Let z(b) = 13*b - 2. What is z(5)?
63
Let j(s) = -20*s**3 + 6*s - 7. Give j(1).
-21
Let n(s) = -39*s**3 - s**2 - s + 1. Calculate n(1).
-40
Let y(f) = -4*f**2 - 2*f. What is y(-2)?
-12
Let i(y) = -y**3 - y**2 - y - 9. Determine i(-3).
12
Let k(x) = 2*x**2 + 13*x + 13. Calculate k(-5).
-2
Let q(v) = -v**2 + 16*v - 29. Calculate q(10).
31
L